{"id":25,"date":"2012-07-15T20:59:55","date_gmt":"2012-07-15T20:59:55","guid":{"rendered":"http:\/\/su-to.de\/?page_id=25"},"modified":"2026-03-27T15:35:17","modified_gmt":"2026-03-27T15:35:17","slug":"impressum","status":"publish","type":"page","link":"https:\/\/www.support-together.de\/page\/impressum\/","title":{"rendered":"Impressum"},"content":{"rendered":"<p><strong>Herausgeber:<\/strong><br \/>\nBVB Fanclub Support together<br \/>\nStephan Borchardt<br \/>\nM\u00fchlenberg 17<br \/>\n66809 Nalbach<\/p>\n<p><strong>Vorstand:<\/strong><br \/>\nStephan Borchardt (1. Vorstandsvorsitzender)<br \/>\nCarsten Scherer (2. Vorstandsvorsitzender)<br \/>\nStephan Borchardt (Schatzmeister)<\/p>\n<p><strong>Verantwortlich f\u00fcr den Inhalt:<\/strong><br \/>\nStephan Borchardt<br \/>\nE-Mail: info@support-together.de<\/p>\n<p><strong>Webteam:<\/strong><br \/>\nChristian Metzner (Administrator\/Layout)<br \/>\nSascha Becker, Dennis Cornelius und Marina Schmitt (Design und Grafiken)<br \/>\nStephan Borchardt, Sebastian Finkler und Carsten Scherer (Webteam)<br \/>\nSebastian Finkler (Kolumne\/SuTotal)<\/p>\n<p>URL: <a title=\"http:\/\/www.support-together.de\" href=\"http:\/\/www.support-together.de\">http:\/\/www.support-together.de<\/a><br \/>\nMail: <a title=\"support@support-together.de\" href=\"mailto:support@support-together.de\">support@support-together.de<\/a> oder <a title=\"admin@support-together.de\" href=\"mailto:admin@support-together.de\">admin@support-together.de<\/a><\/p>\n<p><strong>Disclaimer<\/strong><br \/>\nInhalt des Internetangebots<br \/>\nDie Webseiten des BVB Fanclubs \u201eSupport together\u201c werden mit hoher Sorgfalt und Qualit\u00e4tsanspruch nach bestem Wissen und Gewissen erstellt und gepflegt. Informationen auf den genannten Webseiten sind gleichwohl grunds\u00e4tzlich nicht rechtsverbindlich. Die Herausgeber \u00fcbernehmen keinerlei Gew\u00e4hr f\u00fcr die Aktualit\u00e4t, Korrektheit, Vollst\u00e4ndigkeit oder Qualit\u00e4t der bereitgestellten Informationen und Beratungsdienstleistungen. Haftungsanspr\u00fcche gegen die Herausgeber, welche sich auf Sch\u00e4den materieller oder ideeller Art beziehen, die durch die Nutzung oder Nichtnutzung der dargebotenen Informationen bzw. durch die Nutzung fehlerhafter und unvollst\u00e4ndiger Informationen verursacht wurden, sind grunds\u00e4tzlich ausgeschlossen, sofern seitens der Herausgeber kein nachweislich vors\u00e4tzliches oder grob fahrl\u00e4ssiges Verschulden vorliegt. Alle Angebote sind freibleibend und unverbindlich. Die Herausgeber behalten sich ausdr\u00fccklich vor, Teile der Seiten oder das gesamte Angebot ohne gesonderte Ank\u00fcndigung zu ver\u00e4ndern, zu erg\u00e4nzen, zu l\u00f6schen oder die Ver\u00f6ffentlichung zeitweise oder endg\u00fcltig einzustellen.<\/p>\n<p><strong>Verweise und Links<\/strong><br \/>\nF\u00fcr alle von den genannten Webseiten der Herausgeber und deren Unterseiten ausgehenden direkten oder indirekten Verweise auf fremde Internetseiten (\u201cLinks\u201d) sowie f\u00fcr Fremdeintr\u00e4ge in vom Herausgeber eingerichteten G\u00e4steb\u00fcchern, Diskussionsforen und Mailinglisten, die au\u00dferhalb des Verantwortungsbereiches der Herausgeber liegen, gilt: Die Herausgeber distanzieren sich ausdr\u00fccklich von allen Inhalten aller verwiesenen Seiten und deren Unterseiten und machen sich deren Inhalte nicht zu eigen. F\u00fcr illegale, fehlerhafte oder unvollst\u00e4ndige Inhalte und insbesondere f\u00fcr Sch\u00e4den, die aus der Nutzung oder Nichtnutzung solcherart dargebotener Informationen entstehen, haftet allein der Anbieter der Seite, auf welche verwiesen wurde, nicht derjenige, der \u00fcber Links auf die jeweilige Ver\u00f6ffentlichung lediglich verweist.<\/p>\n<p><strong>Urheber- und Kennzeichenrecht<\/strong><br \/>\nDie Herausgeber sind bestrebt, in allen Publikationen die Urheberrechte der verwendeten Grafiken, Tondokumente, Videosequenzen und Texte zu beachten, von ihnen selbst erstellte Grafiken, Tondokumente, Videosequenzen und Texte zu nutzen oder auf lizenzfreie Grafiken, Tondokumente, Videosequenzen und Texte zur\u00fcckzugreifen. Sollte auf den Webseiten der Herausgeber trotz aller Sorgfalt eine wie auch immer geartete unbeabsichtigte Verletzung eines Copyrights vorliegen, bitten wir um einen entsprechenden Hinweis. Wir werden den beanstandeten Bereich oder das fragliche Bild umgehend aus unserer Website entfernen. Alle innerhalb des Internetangebotes genannten und ggf. durch Dritte gesch\u00fctzten Marken- und Warenzeichen unterliegen uneingeschr\u00e4nkt den Bestimmungen des jeweils g\u00fcltigen Kennzeichenrechts und den Besitzrechten der jeweiligen eingetragenen Eigent\u00fcmer. Allein aufgrund der blo\u00dfen Nennung ist nicht der Schluss zu ziehen, dass Markenzeichen nicht durch Rechte Dritter gesch\u00fctzt sind! Das Copyright f\u00fcr ver\u00f6ffentlichte, von den Herausgebern selbst erstellte Objekte bleibt allein bei den Herausgebern. Eine Vervielf\u00e4ltigung oder Verwendung solcher Grafiken, Tondokumente, Videosequenzen oder Texte in jeglicher elektronischer, gedruckter oder sonstiger Form ist nur nach Genehmigung durch den Herausgeber gestattet.<\/p>\n<p><strong>Rechtswirksamkeit dieses Haftungsausschlusses<\/strong><br \/>\nDieser Haftungsausschluss ist als Teil des Internetangebotes zu betrachten, von dem aus auf diese Seite verwiesen wurde. Sofern Teile oder einzelne Formulierungen dieses Textes der geltenden Rechtslage nicht, nicht mehr oder nicht vollst\u00e4ndig entsprechen sollten, bleiben die \u00fcbrigen Teile des Dokumentes in ihrem Inhalt und ihrer G\u00fcltigkeit davon unber\u00fchrt.<br \/>\nCopyright<br \/>\nAlle Rechte vorbehalten. Insbesondere d\u00fcrfen Nachdruck, Aufnahme in Online-Dienste und Internet, sowie Vervielf\u00e4ltigung auf Datentr\u00e4ger wie CD-ROM, DVD-ROM etc. \u2013 auch auszugsweise \u2013 nur nach vorheriger schriftlicher Zustimmung des BVB Fanclubs \u201eSupport together\u201c erfolgen. F\u00fcr unverlangt eingesandte Manuskripte kann keine Haftung \u00fcbernommen werden. Mit \u00dcbergabe der Manuskripte und Bilder an die Redaktion erteilt der Verfasser des BVB Fanclubs \u201eSupport together\u201c das Recht zur Ver\u00f6ffentlichung. Honorierte Arbeiten gehen in das Verf\u00fcgungsrecht des BVB Fanclub \u201eSupport together\u201c \u00fcber. Warennamen werden ohne Gew\u00e4hrleistung einer freien Verf\u00fcgung genutzt.<\/p>\n","protected":false},"excerpt":{"rendered":"<p>Herausgeber: BVB Fanclub Support together Stephan Borchardt M\u00fchlenberg 17 66809 Nalbach Vorstand: Stephan Borchardt (1. Vorstandsvorsitzender) Carsten Scherer (2. Vorstandsvorsitzender) Stephan Borchardt (Schatzmeister) Verantwortlich f\u00fcr den Inhalt: Stephan Borchardt E-Mail: info@support-together.de Webteam: Christian Metzner (Administrator\/Layout) Sascha Becker, Dennis Cornelius und &hellip; <a href=\"https:\/\/www.support-together.de\/page\/impressum\/\">Weiterlesen <span class=\"meta-nav\">&rarr;<\/span><\/a><\/p>\n","protected":false},"author":1,"featured_media":0,"parent":0,"menu_order":0,"comment_status":"closed","ping_status":"closed","template":"sidebar-page.php","meta":{"_monsterinsights_skip_tracking":false,"_monsterinsights_sitenote_active":false,"_monsterinsights_sitenote_note":"","_monsterinsights_sitenote_category":0,"footnotes":""},"class_list":["post-25","page","type-page","status-publish","hentry"],"_links":{"self":[{"href":"https:\/\/www.support-together.de\/page\/wp-json\/wp\/v2\/pages\/25","targetHints":{"allow":["GET"]}}],"collection":[{"href":"https:\/\/www.support-together.de\/page\/wp-json\/wp\/v2\/pages"}],"about":[{"href":"https:\/\/www.support-together.de\/page\/wp-json\/wp\/v2\/types\/page"}],"author":[{"embeddable":true,"href":"https:\/\/www.support-together.de\/page\/wp-json\/wp\/v2\/users\/1"}],"replies":[{"embeddable":true,"href":"https:\/\/www.support-together.de\/page\/wp-json\/wp\/v2\/comments?post=25"}],"version-history":[{"count":17,"href":"https:\/\/www.support-together.de\/page\/wp-json\/wp\/v2\/pages\/25\/revisions"}],"predecessor-version":[{"id":1218,"href":"https:\/\/www.support-together.de\/page\/wp-json\/wp\/v2\/pages\/25\/revisions\/1218"}],"wp:attachment":[{"href":"https:\/\/www.support-together.de\/page\/wp-json\/wp\/v2\/media?parent=25"}],"curies":[{"name":"wp","href":"https:\/\/api.w.org\/{rel}","templated":true}]}}